14709
What are the prime factors of 44108037?
3, 571, 2861
What are the prime factors of 4563755003?
103, 673, 65837
What are the prime factors of 3830665472?
2, 14963537
What are the prime factors of 36538866?
2, 3, 7, 13, 22307
What are the prime factors of 101095548?
2, 3, 293, 28753
List the prime factors of 50078987.
7, 61, 117281
List the prime factors of 128779019.
71, 1813789
What are the prime factors of 458101941?
3, 11, 17, 816581
What are the prime factors of 402379398?
2, 3, 2017, 11083
List the prime factors of 46429176.
2, 3, 17, 113797
List the prime factors of 132444763.
11, 19, 33353
List the prime factors of 805262609.
47, 17133247
What are the prime factors of 1552858888?
2, 7, 5119, 5417
List the prime factors of 3139199578.
2, 739, 761, 2791
List the prime factors of 109438170.
2, 3, 5, 29, 125791
List the prime factors of 88360445.
5, 17672089
List the prime factors of 5632283967.
3, 37, 50741297
List the prime factors of 3449370090.
2, 3, 5, 103, 1116301
List the prime factors of 2162906608.
2, 135181663
List the prime factors of 21456950.
2, 5, 429139
List the prime factors of 832948624.
2, 1321, 39409
List the prime factors of 391895072.
2, 12246721
List the prime factors of 643502579.
23, 1216451
What are the prime factors of 377209517?
377209517
What are the prime factors of 94856875?
5, 151771
List the prime factors of 58262902.
2, 1693, 17207
List the prime factors of 102290748.
2, 3, 7, 173, 7039
What are the prime factors of 112062797?
7, 11, 1455361
What are the prime factors of 2449898345?
5, 467, 673, 1559
List the prime factors of 4615954161.
3, 7, 13, 16908257
List the prime factors of 21518857.
21518857
What are the prime factors of 235522876?
2, 1283, 45893
What are the prime factors of 935984603?
5647, 165749
What are the prime factors of 45863754?
2, 3, 7643959
List the prime factors of 404274920.
2, 5, 7, 1443839
What are the prime factors of 4678390618?
2, 11, 212654119
List the prime factors of 1207177279.
7, 11, 599, 3739
What are the prime factors of 328184387?
29, 11316703
List the prime factors of 175465695.
3, 5, 11697713
List the prime factors of 60786147.
3, 20262049
List the prime factors of 192688144.
2, 11, 99529
List the prime factors of 4029379.
4029379
What are the prime factors of 751006099?
1789, 419791
List the prime factors of 17128827.
3, 70489
List the prime factors of 206466948.
2, 3, 127, 15053
List the prime factors of 1121988468.
2, 3, 89, 179, 5869
What are the prime factors of 19561831?
19561831
List the prime factors of 1886505735.
3, 5, 41, 859, 3571
What are the prime factors of 94630463?
94630463
What are the prime factors of 299918088?
2, 3, 443, 9403
What are the prime factors of 74453762?
2, 37226881
What are the prime factors of 238440988?
2, 109, 349, 1567
List the prime factors of 9367147.
41, 47, 4861
What are the prime factors of 5074641636?
2, 3, 422886803
What are the prime factors of 143849513?
19, 547, 13841
What are the prime factors of 364193943?
3, 121397981
What are the prime factors of 533732305?
5, 106746461
What are the prime factors of 698128087?
698128087
What are the prime factors of 109477417?
7, 2234233
What are the prime factors of 58071678?
2, 3, 7, 181, 7639
List the prime factors of 90859024.
2, 2383
List the prime factors of 534928621.
3331, 160591
What are the prime factors of 1805297050?
2, 5, 36105941
List the prime factors of 792478252.
2, 198119563
List the prime factors of 1333012354.
2, 5441, 122497
What are the prime factors of 54475267?
7, 11, 443, 1597
List the prime factors of 4333441252.
2, 7, 10499, 14741
What are the prime factors of 4732818969?
3, 41, 38478203
What are the prime factors of 1508107503?
3, 7, 29, 2476367
What are the prime factors of 782291437?
409, 1912693
List the prime factors of 1961032.
2, 245129
List the prime factors of 659936126.
2, 179, 401, 4597
List the prime factors of 4974612.
2, 3, 41, 10111
What are the prime factors of 666632058?
2, 3, 73, 1521991
What are the prime factors of 1297764938?
2, 17, 38169557
List the prime factors of 1520540258.
2, 23, 89, 137, 2711
What are the prime factors of 91775402?
2, 937, 48973
List the prime factors of 139110794.
2, 69555397
What are the prime factors of 2267296879?
29, 31, 2522021
What are the prime factors of 35803774?
2, 17901887
What are the prime factors of 173568658?
2, 86784329
List the prime factors of 41120102.
2, 211, 97441
List the prime factors of 2376591164.
2, 594147791
What are the prime factors of 2249777788?
2, 1861, 302227
What are the prime factors of 539918646?
2, 3, 89986441
What are the prime factors of 272105059?
2243, 121313
List the prime factors of 654136901.
11, 241, 443, 557
List the prime factors of 14326660.
2, 5, 659, 1087
List the prime factors of 3658264516.
2, 107, 2687, 3181
What are the prime factors of 1359761432?
2, 31, 293, 18713
List the prime factors of 40258500.
2, 3, 5, 26839
List the prime factors of 1459356095.
5, 23, 12690053
List the prime factors of 224673095.
5, 53, 379, 2237
What are the prime factors of 1494275126?
2, 747137563
List the prime factors of 507617604.
2, 3, 13, 19, 6343
List the prime factors of 3757301971.
17, 613, 360551
What are the prime factors of 470122190?
2, 5, 29, 53, 73, 419
What are the prime factors of 58600730?
2, 5, 619, 9467
List the prime factors of 819024290.
2, 5, 7, 569, 20563
What are the prime factors of 2037076066?
2, 43, 23686931
What are the prime factors of 141951805?
5, 28390361
What are the prime factors of 1699829702?
2, 10169, 83579
List the prime factors of 284639185.
5, 56927837
List the prime factors of 3759829829.
7, 43, 227, 1123
What are the prime factors of 22839873?
3, 7, 53, 20521
List the prime factors of 27111062.
2, 11, 19, 79, 821
List the prime factors of 217015898.
2, 11, 9864359
What are the prime factors of 111083744?
2, 23, 150929
List the prime factors of 2210387084.
2, 67, 8247713
What are the prime factors of 17120819?
17, 449, 2243
List the prime factors of 182750165.
5, 13, 1201, 2341
What are the prime factors of 40571364?
2, 3, 3380947
What are the prime factors of 866667008?
2, 1692709
What are the prime factors of 814844032?
2, 19, 335051
List the prime factors of 408121424.
2, 3733, 6833
List the prime factors of 499294593.
3, 7, 397, 19963
What are the prime factors of 1539429764?
2, 17, 22638673
What are the prime factors of 3170735211?
3, 7, 31, 103, 47287
What are the prime factors of 3845843520?
2, 3, 5, 313, 12799
What are the prime factors of 314698404?
2, 3, 26224867
What are the prime factors of 2391572066?
2, 13, 19, 31, 41, 293
List the prime factors of 2279982067.
11, 18842827
List the prime factors of 1028828.
2, 31, 8297
What are the prime factors of 713433561?
3, 7457, 31891
What are the prime factors of 5920651984?
2, 13, 2879, 9887
List the prime factors of 160798408.
2, 20099801
What are the prime factors of 16159815?
3, 5, 7, 29, 61
List the prime factors of 6642882217.
6642882217
List the prime factors of 7105922535.
3, 5, 59, 8029291
List the prime factors of 1487201213.
47, 461, 68639
What are the prime factors of 1060940962?
2, 19, 31, 53, 16993
List the prime factors of 1618107886.
2, 41, 409, 48247
List the prime factors of 975139450.
2, 5, 307, 63527
List the prime factors of 11035768.
2, 23, 37, 1621
List the prime factors of 3932763400.
2, 5, 1297, 15161
What are the prime factors of 694427778?
2, 3, 11, 3507211
List the prime factors of 4143485379.
3, 11, 41, 71, 43133
List the prime factors of 2486658288.
2, 3, 19, 823, 3313
What are the prime factors of 40307886?
2, 3, 2239327
List the prime factors of 563925160.
2, 5, 157, 89797
What are the prime factors of 32999038?
2, 16499519
What are the prime factors of 30791049?
3, 10263683
List the prime factors of 37115973.
3, 4123997
What are the prime factors of 3060878523?
3, 59, 137, 126227
List the prime factors of 336025418.
2, 109, 659, 2339
What are the prime factors of 384027413?
7, 11, 389, 12821
List the prime factors of 149650337.
17, 8802961
List the prime factors of 38213078.
2, 607, 31477
What are the prime factors of 179408202?
2, 3, 401, 74567
List the prime factors of 1097108635.
5, 7, 811, 38651
List the prime factors of 39463803.
3, 4384867
Wh